greatest common divisor of 33 and 187.
11
Calculate the highest common divisor of 174 and 48.
6
What is the highest common factor of 144 and 450?
18
What is the greatest common factor of 15 and 3696?
3
Calculate the greatest common factor of 2955 and 15.
15
Calculate the highest common factor of 321 and 96.
3
What is the highest common factor of 48 and 84?
12
What is the highest common factor of 5 and 45?
5
What is the highest common factor of 1 and 9?
1
What is the highest common divisor of 126 and 70?
14
Calculate the greatest common divisor of 6 and 6.
6
Calculate the greatest common divisor of 2 and 6.
2
Calculate the greatest common divisor of 13 and 1.
1
What is the highest common factor of 143 and 726?
11
Calculate the greatest common factor of 92 and 164.
4
Calculate the greatest common factor of 27 and 1161.
27
Calculate the highest common factor of 4 and 512.
4
Calculate the highest common factor of 88 and 1100.
44
What is the highest common factor of 488 and 16?
8
What is the highest common factor of 68 and 85?
17
What is the highest common divisor of 88 and 24?
8
What is the highest common divisor of 90 and 31815?
45
What is the greatest common divisor of 27 and 1269?
27
Calculate the greatest common divisor of 504 and 16.
8
Calculate the highest common factor of 56 and 378.
14
What is the highest common factor of 1475 and 2301?
59
Calculate the greatest common factor of 728 and 40.
8
What is the greatest common divisor of 276 and 3404?
92
What is the greatest common factor of 216 and 576?
72
What is the greatest common factor of 780 and 1326?
78
What is the greatest common divisor of 13 and 5161?
13
What is the highest common factor of 125 and 6400?
25
Calculate the highest common divisor of 49 and 84.
7
Calculate the greatest common divisor of 1633 and 23.
23
Calculate the highest common divisor of 570 and 6.
6
What is the highest common factor of 986 and 34?
34
Calculate the greatest common factor of 14 and 350.
14
What is the highest common divisor of 5 and 368?
1
Calculate the highest common divisor of 66 and 34122.
66
What is the greatest common factor of 20 and 4195?
5
What is the highest common divisor of 1575 and 1275?
75
What is the highest common divisor of 30 and 24?
6
Calculate the greatest common divisor of 99 and 225.
9
What is the greatest common divisor of 6182 and 132?
22
Calculate the highest common factor of 11 and 341.
11
What is the highest common divisor of 510 and 180?
30
What is the greatest common factor of 2629 and 239?
239
What is the highest common divisor of 18 and 465?
3
What is the highest common factor of 1791 and 9?
9
Calculate the greatest common divisor of 12 and 12.
12
Calculate the greatest common factor of 584 and 16.
8
What is the highest common divisor of 27797 and 154?
77
Calculate the greatest common factor of 18 and 414.
18
Calculate the greatest common divisor of 1656 and 6.
6
Calculate the highest common divisor of 3874 and 26.
26
Calculate the greatest common divisor of 345 and 60.
15
What is the highest common factor of 64 and 12?
4
Calculate the highest common divisor of 11312 and 303.
101
What is the greatest common factor of 31187 and 13?
13
What is the highest common divisor of 4 and 500?
4
What is the greatest common divisor of 46420 and 20?
20
What is the highest common factor of 612 and 578?
34
Calculate the highest common divisor of 27 and 108.
27
What is the greatest common factor of 170 and 10?
10
Calculate the highest common factor of 1595 and 209.
11
Calculate the greatest common divisor of 3 and 21.
3
What is the greatest common divisor of 27 and 6?
3
Calculate the highest common factor of 6939 and 54.
27
What is the greatest common factor of 1102 and 58?
58
Calculate the highest common factor of 595 and 68.
17
Calculate the highest common factor of 64720 and 80.
80
What is the highest common factor of 1222 and 26?
26
Calculate the highest common factor of 101077 and 61.
61
Calculate the greatest common factor of 392 and 441.
49
What is the greatest common divisor of 14 and 14?
14
What is the greatest common divisor of 139402 and 94?
94
What is the greatest common divisor of 638 and 290?
58
What is the greatest common factor of 53 and 265?
53
Calculate the highest common divisor of 2482 and 146.
146
Calculate the highest common factor of 161 and 7.
7
What is the highest common divisor of 6 and 114?
6
What is the greatest common divisor of 414 and 18?
18
What is the highest common factor of 1649 and 408?
17
Calculate the greatest common factor of 1210 and 66.
22
What is the highest common factor of 36 and 4548?
12
Calculate the greatest common factor of 8245 and 68.
17
Calculate the greatest common factor of 10063 and 29.
29
What is the greatest common factor of 1221 and 33?
33
What is the greatest common divisor of 22102 and 86?
86
Calculate the greatest common divisor of 36 and 24.
12
Calculate the highest common factor of 635 and 13589.
127
Calculate the greatest common divisor of 1125 and 30.
15
Calculate the highest common divisor of 156 and 338.
26
What is the greatest common divisor of 60 and 60?
60
What is the greatest common divisor of 159 and 212?
53
What is the highest common divisor of 65 and 39?
13
What is the highest common divisor of 51069 and 87?
87
What is the greatest common factor of 3400 and 10?
10
Calculate the highest common divisor of 620 and 140.
20
Calculate the highest common factor of 1092 and 91.
91
What is the highest common divisor of 220 and 300?
20
What is the greatest common factor of 34 and 238?
34
What is the greatest common factor of 1365 and 315?
105
Calculate the greatest common divisor of 14 and 189.
7
What is the highest common factor of 44 and 244?
4
What is the highest common divisor of 4225 and 25?
25
Calculate the highest common divisor of 48 and 624.
48
What is the highest common divisor of 12 and 174?
6
Calculate the highest common factor of 224 and 64.
32
What is the greatest common factor of 44 and 286?
22
Calculate the greatest common factor of 26 and 637.
13
Calculate the greatest common divisor of 3681 and 27.
9
What is the highest common divisor of 24 and 56?
8
Calculate the greatest common factor of 246 and 12.
6
What is the highest common factor of 184 and 3036?
92
Calculate the highest common divisor of 492 and 861.
123
What is the greatest common factor of 170 and 765?
85
What is the highest common divisor of 58 and 2958?
58
Calculate the highest common divisor of 100 and 22500.
100
Calculate the highest common divisor of 4056 and 4.
4
What is the greatest common factor of 210 and 413?
7
What is the greatest common divisor of 136 and 64?
8
What is the highest common factor of 335 and 1273?
67
Calculate the greatest common factor of 140 and 20.
20
What is the greatest common factor of 556 and 13622?
278
Calculate the greatest common divisor of 357 and 21.
21
What is the highest common factor of 713 and 31?
31
What is the highest common divisor of 1691 and 89?
89
Calculate the highest common factor of 435 and 174.
87
Calculate the highest common factor of 11583 and 143.
143
Calculate the greatest common factor of 17003 and 49.
49
What is the greatest common factor of 125 and 40?
5
What is the greatest common factor of 1974 and 196?
14
Calculate the highest common divisor of 1809 and 1608.
201
What is the highest common divisor of 44 and 319?
11
Calculate the highest common divisor of 2627 and 568.
71
Calculate the greatest common divisor of 27 and 5157.
27
What is the greatest common factor of 1820 and 1638?
182
Calculate the highest common factor of 261 and 1421.
29
Calculate the greatest common divisor of 36 and 5436.
36
Calculate the highest common factor of 81 and 261.
9
Calculate the highest common divisor of 48 and 168.
24
Calculate the highest common divisor of 912 and 96.
48
Calculate the highest common divisor of 161 and 21.
7
Calculate the greatest common divisor of 9 and 2196.
9
What is the greatest common factor of 1968 and 123?
123
Calculate the greatest common factor of 2046 and 93.
93
What is the greatest common divisor of 40 and 32?
8
Calculate the highest common divisor of 2595 and 60.
15
What is the highest common factor of 34 and 30?
2
Calculate the greatest common factor of 451 and 22.
11
What i